he tens digit of 5239?
3
What is the thousands digit of 14128?
4
What is the thousands digit of 24675?
4
What is the hundreds digit of 31296?
2
What is the units digit of 10151?
1
What is the tens digit of 1739?
3
What is the units digit of 314?
4
What is the ten thousands digit of 18701?
1
What is the tens digit of 202?
0
What is the hundreds digit of 11523?
5
What is the hundreds digit of 27652?
6
What is the hundreds digit of 3311?
3
What is the tens digit of 16?
1
What is the units digit of 14778?
8
What is the hundreds digit of 9444?
4
What is the thousands digit of 32439?
2
What is the units digit of 930?
0
What is the thousands digit of 2581?
2
What is the hundreds digit of 16041?
0
What is the hundreds digit of 234?
2
What is the tens digit of 235?
3
What is the units digit of 5156?
6
What is the thousands digit of 1622?
1
What is the thousands digit of 34406?
4
What is the hundreds digit of 225?
2
What is the hundreds digit of 1982?
9
What is the tens digit of 4252?
5
What is the thousands digit of 1403?
1
What is the thousands digit of 1117?
1
What is the units digit of 6562?
2
What is the hundreds digit of 1220?
2
What is the units digit of 407?
7
What is the thousands digit of 31351?
1
What is the hundreds digit of 87856?
8
What is the hundreds digit of 6712?
7
What is the tens digit of 6742?
4
What is the hundreds digit of 27021?
0
What is the tens digit of 686?
8
What is the thousands digit of 45178?
5
What is the tens digit of 3878?
7
What is the tens digit of 8485?
8
What is the thousands digit of 6278?
6
What is the units digit of 241?
1
What is the units digit of 1065?
5
What is the units digit of 5494?
4
What is the thousands digit of 6712?
6
What is the tens digit of 9977?
7
What is the ten thousands digit of 76629?
7
What is the hundreds digit of 2008?
0
What is the units digit of 378?
8
What is the tens digit of 5691?
9
What is the hundreds digit of 73683?
6
What is the tens digit of 1079?
7
What is the tens digit of 9027?
2
What is the tens digit of 1452?
5
What is the thousands digit of 7488?
7
What is the units digit of 1274?
4
What is the ten thousands digit of 17632?
1
What is the hundreds digit of 108?
1
What is the tens digit of 6081?
8
What is the tens digit of 831?
3
What is the thousands digit of 1883?
1
What is the hundreds digit of 73271?
2
What is the units digit of 39542?
2
What is the units digit of 1878?
8
What is the thousands digit of 1283?
1
What is the hundreds digit of 6308?
3
What is the hundreds digit of 258?
2
What is the thousands digit of 16569?
6
What is the tens digit of 1341?
4
What is the hundreds digit of 68640?
6
What is the hundreds digit of 32215?
2
What is the tens digit of 2105?
0
What is the units digit of 775?
5
What is the units digit of 10055?
5
What is the hundreds digit of 6240?
2
What is the units digit of 1749?
9
What is the units digit of 4920?
0
What is the hundreds digit of 55343?
3
What is the units digit of 19373?
3
What is the units digit of 46553?
3
What is the units digit of 6686?
6
What is the hundreds digit of 9801?
8
What is the thousands digit of 149004?
9
What is the hundreds digit of 1785?
7
What is the units digit of 4508?
8
What is the tens digit of 25381?
8
What is the thousands digit of 42185?
2
What is the thousands digit of 8401?
8
What is the tens digit of 66358?
5
What is the hundreds digit of 1962?
9
What is the thousands digit of 3636?
3
What is the hundreds digit of 601?
6
What is the tens digit of 72093?
9
What is the ten thousands digit of 33322?
3
What is the thousands digit of 87525?
7
What is the units digit of 16416?
6
What is the thousands digit of 5283?
5
What is the ten thousands digit of 11646?
1
What is the tens digit of 392?
9
What is the units digit of 86609?
9
What is the tens digit of 2990?
9
What is the hundreds digit of 45353?
3
What is the thousands digit of 2990?
2
What is the units digit of 864?
4
What is the thousands digit of 1243?
1
What is the hundreds digit of 5780?
7
What is the tens digit of 1575?
7
What is the units digit of 2686?
6
What is the tens digit of 50462?
6
What is the hundreds digit of 498?
4
What is the ten thousands digit of 53340?
5
What is the thousands digit of 12896?
2
What is the hundreds digit of 167?
1
What is the tens digit of 695?
9
What is the hundreds digit of 39460?
4
What is the tens digit of 18792?
9
What is the tens digit of 5826?
2
What is the tens digit of 80645?
4
What is the hundreds digit of 44215?
2
What is the hundreds digit of 27180?
1
What is the tens digit of 322?
2
What is the ten thousands digit of 65396?
6
What is the thousands digit of 14465?
4
What is the tens digit of 1449?
4
What is the units digit of 1002?
2
What is the units digit of 105110?
0
What is the thousands digit of 3688?
3
What is the tens digit of 683?
8
What is the ten thousands digit of 101885?
0
What is the ten thousands digit of 81040?
8
What is the ten thousands digit of 33265?
3
What is the hundreds digit of 68913?
9
What is the units digit of 660?
0
What is the units digit of 1054?
4
What is the units digit of 4531?
1
What is the tens digit of 270?
7
What is the hundreds digit of 29493?
4
What is the tens digit of 77497?
9
What is the tens digit of 508?
0
What is the tens digit of 71832?
3
What is the thousands digit of 4707?
4
What is the hundreds digit of 736?
7
What is the hundreds digit of 85861?
8
What is the hundreds digit of 1073?
0
What is the hundreds digit of 24714?
7
What is the units digit of 12868?
8
What is the tens digit of 28811?
1
What is the units digit of 21319?
9
What is the units digit of 631?
1
What is the hundreds digit of 169801?
8
What is the units digit of 1751?
1
What is the ten thousands digit of 11856?
1
What is the units digit of 3467?
7
What is the tens digit of 733?
3
What is the tens digit of 891?
9
What is the hundreds digit of 925?
9
What is the tens digit of 2726?
2
What is the units digit of 1910?
0
What is the hundreds digit of 61594?
5
What is the hundreds digit of 13185?
1
What is the hundreds digit of 1061?
0
What is the thousands digit of 1932?
1
What is the thousands digit of 56586?
6
What is the thousands digit of 47208?
7
What is the thousands digit of 49955?
9
What is the hundreds digit of 960?
9
What is the units digit of 7598?
8
What is the tens digit of 13820?
2
What is the units digit of 261?
1
What is the thousands digit of 37133?
7
What is the tens digit of 5983?
8
What is the hundreds digit of 770?
7
What is the tens digit of 93721?
2
What is the units digit of 13062?
2
What is the tens digit of 2651?
5
What is the hundreds digit of 3198?
1
What is the thousands digit of 2542?
2
What is the hundreds digit of 1602?
6
What is the tens digit of 2004?
0
What is the thousands digit of 3624?
3
What is the ten thousands digit of 39419?
3
What is the tens digit of 49415?
1
What is the thousands digit of 22617?
2
What is the hundreds digit of 3892?
8
What is the hundreds digit of 9551?
5
What is the hundred thousands digit of 109564?
1
What is the thousands digit of 50858?
0
What is the units digit of 2992?
2
What is the hundreds digit of 52602?
6
What is the hundreds digit of 9364?
3
What is the units digit of 20643?
3
What is the tens digit of 180?
8
What is the hundreds digit of 50873?
8
What is the thousands digit of 2488?
2
What is the units digit of 561?
1
What is the tens digit of 2468?
6
What is the units digit of 779?
9
What is the tens digit of 417?
1
What is the tens digit of 893?
9
What is the tens digit of 7674?
7
What is the thousands digit of 11482?
1
What is the hundreds digit of 850?
8
What is the thousands digit of 22110?
2
What is the units digit of 52501?
1
What is the hundreds digit of 101455?
4
What is the thousands digit of 6931?
6
What is the units digit of 2086?
6
What is the thousands digit of 1658?
1
What is the hundreds digit of 3683?
6
What is the tens digit of 235?
3
What is the ten thousands digit of 10957?
1
What is the hundreds digit of 540?
5
What is the hundreds digit of 1913?
9
What is the ten thousands digit of 22858?
2
What is the ten thousands digit of 23546?
2
What is the hundreds digit of 20880?
8
What is the hundreds digit of 3667?
6
What is the ten thousands digit of 31115?
3
What is the hundreds digit of 5195?
1
What is th